 the prime factors of -11*(-176)/(-20)*195/(-26)?
2, 3, 11
Let n(h) = 3*h**3 - 9*h**2 + 18*h + 4. What are the prime factors of n(4)?
2, 31
Suppose 3*k + 2*s - 2210 = 0, -5*s + 754 = 4*k - 3*k. Suppose -3*o + 653 = 3*g + 200, 5*g - k = 2*o. List the prime factors of g.
2, 37
Let p = -787 + 1263. List the prime factors of p.
2, 7, 17
Suppose -6*w + 5*w = -5*j - 975, -j - 181 = -3*w. Suppose -4*d = -4*a - 28, -5*d - 15 = -35. What are the prime factors of (-17)/51 + j/a?
5, 13
Suppose 0 = 2*h + 5*i - 10, 4*i - 7 - 7 = -2*h. List the prime factors of 214/4 - h/10.
2, 13
Suppose -5*k + 4*k - 17 = d, -2*k = -3*d + 9. Let t = -10 - k. Suppose 0 = -5*p - 3*v + 46, 2*p - 3*v + t*v - 25 = 0. List the prime factors of p.
11
Suppose 0 = -5*d + 4*s + 2987, -3*d + 4*s + 1190 = -d. What are the prime factors of d?
599
Let z(v) = 29*v + 6. List the prime factors of z(13).
383
What are the prime factors of -1 + 3 - (-653 + 10)?
3, 5, 43
Suppose 3*o - 5*o + 60 = 0. What are the prime factors of (-96)/o*(-10)/4?
2
Let d = 52 - 1. Suppose d = 2*l + 11. List the prime factors of l.
2, 5
List the prime factors of (12 + -14)/(53/(-26) + 2).
2, 13
Let h be (-82)/(-4) - 3/(-6). Suppose 3*x - h = -3. Suppose 0 = -6*d + 3*d + x. What are the prime factors of d?
2
Suppose -3*i = -854 - 199. List the prime factors of i.
3, 13
Let u(q) = q**2 + 2*q + 5. Let y = -36 + 41. What are the prime factors of u(y)?
2, 5
Suppose -d = 3*d + 7896. Let y be (4/6)/((-28)/d). Suppose 5*r = b + 170, -3*r + 32 = 4*b - y. What are the prime factors of r?
3, 11
Let d(o) = o**2 - 6*o - 26. Let c be 1 - (45/(-6) - (-3)/(-2)). What are the prime factors of d(c)?
2, 7
Suppose 4*n - 11088 = 4*v, -15*n - v + 11113 = -11*n. What are the prime factors of n?
2777
Suppose -4 - 4 = -4*n. Suppose -6 - 14 = n*x. Let h = x + 18. What are the prime factors of h?
2
Let n(m) = m**2 - 6*m + 1. Let f be n(7). List the prime factors of (171/(-12))/((-3)/f).
2, 19
Let p = 8 - 3. Suppose -p*h + 2*h + 126 = 0. What are the prime factors of (-12)/h + (-93)/(-7)?
13
Let v = -689 - -1333. List the prime factors of v.
2, 7, 23
Let q(b) = 2*b**3 - 7*b**2 - 9*b + 18. Let g be q(6). What are the prime factors of (-4)/(-8)*(0 + 2 + g)?
73
Suppose -21 - 11 = -4*p. Suppose p*j + 63 = 11*j. Let d = -16 + j. What are the prime factors of d?
5
Let u = -8 + 13. Suppose -6*i + 330 = 5*p - i, -4*i + 330 = u*p. Suppose 3*g = g + p. List the prime factors of g.
3, 11
Suppose 0 = 4*v + 39 + 13. Let s = 0 - v. What are the prime factors of s?
13
Suppose 49 = 2*i + 11. Let h(u) = 5*u - 8. What are the prime factors of h(i)?
3, 29
Let h be -5*(-5)/50*6. Suppose h*n = -o + 691, -2*n + 0*n + 3*o + 457 = 0. List the prime factors of n.
2, 5, 23
Suppose 3258 = 28*m - 2818. What are the prime factors of m?
7, 31
Let r(t) = t**2 - 6*t + 82. List the prime factors of r(0).
2, 41
Suppose -6*v + 16 + 2 = 0. Suppose v*q = x + 542, -3*x - 548 = -3*q + x. What are the prime factors of q?
2, 3, 5
Let a(k) = 5*k**3 + 10*k**2 - 10. Let m(f) = 6*f**3 + 11*f**2 - 11. Let q(g) = -5*a(g) + 4*m(g). What are the prime factors of q(-6)?
2, 3
Suppose 6*d - 12 = 12. Suppose j = 4*j + 3, -4*j = d*o - 324. Suppose f + 2*y = 3*f - o, 0 = -4*y + 16. What are the prime factors of f?
3, 5
Suppose 0 = -5*a + 5, 3*q - 6*q + 4*a + 1532 = 0. List the prime factors of q.
2
Suppose 0 = 2*h + h + b - 181, -5*h = 3*b - 303. Suppose 21 = 5*y - w - 35, -5*y + h = -5*w. Suppose -5*l - 468 = -y*l. What are the prime factors of l?
2, 3, 13
Suppose 2791 = 3*q + 2*p, 3*q - q - 1854 = -3*p. Suppose 29 = -4*i + q. Suppose -5*f + 5*u = -76 - 154, -u = -5*f + i. What are the prime factors of f?
3, 5
Suppose -5*x + 47 = -2*j - 5, -2*j + 3*x = 56. Let t = j - -63. What are the prime factors of t?
2
Let m be (216/(-21))/(3/(-56)). Suppose 3*j = -2*j - 4*w + 444, 2*j - 2*w - m = 0. List the prime factors of j.
2, 23
Let y(p) = p**2 - 10*p + 8. Let x be y(6). Let n be x/96 - 7490/(-12). List the prime factors of n/20 + (-2)/10.
31
Suppose 0 = 5*j + 4*o + 508, -o - 68 = -5*j - 591. Suppose -5*v + 320 = 2*u - 9*v, 2*u - 5*v - 324 = 0. Let z = j + u. What are the prime factors of z?
2, 3
Let g(u) = -18*u - 3. Let n = -3 + -2. List the prime factors of g(n).
3, 29
Suppose 5*f - 1099 = -2*h - 41, -2715 = -5*h + 5*f. List the prime factors of h.
7, 11
Suppose -o = -2*z - 40, 2*o + 4*z + 0*z = 112. Let j = o + 39. List the prime factors of j.
3, 29
Let f = -6 - 6. Let r be (-257)/(-3) + f/18. Suppose -z = -6*z + r. What are the prime factors of z?
17
Let d = 1583 + -853. What are the prime factors of d?
2, 5, 73
Let j be 1/((-1674)/418 + 4). Let v = j + 145. Let x = 130 + v. What are the prime factors of x?
2, 3, 11
Suppose 30*s = 4*s + 69680. What are the prime factors of s?
2, 5, 67
Let c(m) = -30*m - 6. Let w be c(5). Let n be (204/18)/(8/w). List the prime factors of 1458/34 - 26/n.
43
What are the prime factors of (9/30 + 7/35)*6658?
3329
Let j = -8 - 156. Let o = j + 278. What are the prime factors of o?
2, 3, 19
Let y(r) = 38*r**2 - 8*r + 9. List the prime factors of y(-3).
3, 5
Let r be 42/(-4)*20/(-6). Let u be (-3872)/(-28) - 10/r. Suppose 4*d = u + 18. What are the prime factors of d?
3, 13
Let a = 8 - -4. List the prime factors of (-2)/a + ((-3963)/18)/(-1).
2, 5, 11
Suppose x - 114 = p, -11*p + 13*p + 2 = 0. What are the prime factors of x?
113
Let v = -67 + 63. List the prime factors of v - -84 - (-5 - -4).
3
List the prime factors of 3/(2 + 1)*425.
5, 17
Suppose 0 = 28*o - 21071 - 31205. What are the prime factors of o?
1867
What are the prime factors of (75/25)/(6*(-1)/(-1168))?
2, 73
Suppose -2*b - 2 = -3*b + s, -b - 2*s - 10 = 0. Let j be (-2)/((-4)/b) - -6. Suppose j*y - 9 = 1. What are the prime factors of y?
2
Suppose 0 = 33*n - 8867 - 1198. What are the prime factors of n?
5, 61
Let a = 908 - 586. What are the prime factors of a?
2, 7, 23
Suppose 14 + 1 = 5*a. What are the prime factors of 1000/(-2)*((-3)/2)/a?
2, 5
Let l be 1 - (1 + -171 + 0). Suppose 4*p - l + 47 = -k, -2*p - 730 = -5*k. What are the prime factors of k?
2, 3
Suppose t = -4*v + 2413, -2 = -12*v + 13*v. What are the prime factors of t?
3, 269
Suppose -3*j + 230 = -2*i - 8*j, 379 = -3*i + j. Let m = i + 181. What are the prime factors of m?
2, 7
Let x = 1 - -3. Suppose -x*i = -v - 0*v + 24, i = v - 9. Suppose v*w - w = 108. What are the prime factors of w?
2, 3
Let t = -2 - 2. Let r(q) be the second derivative of -q**5/10 - q**4/2 - q**3/6 + 31*q + 2. List the prime factors of r(t).
2, 3
Let b be -6*(1/(-3))/1. Let t be b/(-1) - (534 + 0). What are the prime factors of t/(-104) - (-4)/(-26)?
5
Let h = 7 - 6. Let g be 11 - (h + -7)/(-3). Suppose -72 = -g*q + 6*q. List the prime factors of q.
2, 3
Let x be 183*((-15)/9)/(-5)*-1. Let d = 131 + x. What are the prime factors of d?
2, 5, 7
Let c(w) = -2*w**3 - 15*w**2 - 9*w - 11. Let q be c(-7). Suppose i + 120 = 2*i - q*b, -4*i - 3*b + 450 = 0. List the prime factors of i.
2, 3, 19
Let h = 2 - 2. Suppose h = q - 1 - 3. Suppose f - 4*f = 3*s - 30, -5*f + q*s + 5 = 0. List the prime factors of f.
5
Let w = -1 - -5. Suppose 2*s = -2*f + 146, -w*f + 3 = -s + 91. What are the prime factors of s?
2, 19
Suppose 0 = -3*o + 53 + 55. Suppose 2*c = 32 + o. What are the prime factors of c?
2, 17
Let f(m) = m**3 - m**2 + 3*m + 137. List the prime factors of f(0).
137
Let t = -12 + 26. Let v be (-436)/10 + t/(-35). Let p = -20 - v. List the prime factors of p.
2, 3
Let u = 364 - 729. Let y be 26/(-65)*u/1. Suppose 3*f - 84 = 3*d, -2*f = 3*f - 3*d - y. List the prime factors of f.
31
Let x(u) = 0 + 1 - 2 - 37*u - 25*u. Let n be x(-1). Suppose 3*v + 16 = n. List the prime factors of v.
3, 5
Suppose 0 = c - 774 + 147. List the prime factors of c.
3, 11, 19
Suppose 5*u + 2*f - 12 = -2, 5*u - 10 = 5*f. Suppose m + 0*o - 26 = o, u*m - 3*o = 51. List the prime factors of m.
3
Let k(h) = -3*h - 13. Let g be k(-5). Suppose g + 54 = 4*d. List the prime factors of d.
2, 7
Suppose -8*h = -11*h + 87. Suppose -5*y + 221 = -m, y - 5*m = -m + h. What are the prime factors of y?
3, 5
Let v(k) = -k**3 + 25*k**2 - 8*k + 19. What are the prime factors of v(10)?
1439
Suppose 1409*a = 1413*a - 4824. What are the prime factors of a?
2, 3, 67
Suppose 0 = -5*g + 5, -7*k - 4*g = -2*k - 2294. What